(-3).
-4
Let z(g) be the third derivative of -g**4/24 - 2*g**3/3 + 6*g**2. Let v be (2/3)/(10/45). Suppose -j = v*j. Determine z(j).
-4
Let d = 15 - 10. Let t(z) = 0*z + 6 + d*z - z - z. What is t(-4)?
-6
Suppose 21 = u - 65. Let f = u + -91. Let o(z) = -z**2 - 6*z + 1. What is o(f)?
6
Suppose 3*a - 4*c = -2*c + 1, -a = -3*c + 2. Suppose 1 = v - a. Let d(p) = 5*p - 2*p**2 + p**v + 2*p**2 + 7 + 0*p**2. What is d(-6)?
13
Let w(g) = -3*g**2 + 144*g + 2. Let j be w(48). Let l be (2/(-5))/(3/(-15)). Let m(y) = 2*y + 4 - 4*y**2 - l + 0*y. What is m(j)?
-10
Let d(l) = l + 1. Suppose -80 = 2*r - 7*r. Suppose -4*v + 8*v = -r. Determine d(v).
-3
Let j(w) = -w - 7. Let o be j(-3). Let z(c) be the second derivative of c + 1/2*c**3 + 1/12*c**4 + 0 - 1/2*c**2. Calculate z(o).
3
Suppose -84 = 29*j - 33*j. Let x be ((-6)/(-5))/(6/20). Suppose x*i - 5 = -j. Let s(k) = -k**3 - 3*k**2 + 4*k - 4. Determine s(i).
-4
Let k(w) = -4*w - 3. Let g(s) = s**2 + 7*s + 5. Let h(p) = -3*g(p) - 5*k(p). Suppose 9*l - 4*l = 45. Suppose 5*x - l = -j, 0 = 2*x + 2*j - 10. Calculate h(x).
-4
Let h(j) = -j**2 - 13*j + 7. Suppose 0 = 35*w + 291 + 164. Determine h(w).
7
Let u(o) = -o**2 + 8*o + 1. Let a be u(7). Let d(j) = -a*j + j**2 - 3*j + 12*j + 0 - 2. Suppose -15 = -3*l - 3*i, 3*l + i - 21 = -4*i. Give d(l).
4
Let x(l) be the first derivative of 4/3*l**3 - 1/4*l**4 + 3*l + 2*l**2 + 26. What is x(5)?
-2
Let q(a) = -5*a + 3. Let i be q(-1). Let l(k) = k - 8. Let v be l(i). Let w(c) = c**2 - 2. Let p(n) = 1. Let r(t) = 5*p(t) + w(t). What is r(v)?
3
Suppose -4*p - 75 = -3*l, -4*l - 5*p = -3*p - 78. Let g = l + -19. Let n(r) = g - 8 - 2*r + 1. Determine n(-4).
3
Let y be (6/(-12))/((-3)/(-12)). Let h(j) = 2*j + 6. Give h(y).
2
Let q = -48 - -51. Let c(y) = -y**3 + 4*y**2 - y - 6. Let u be c(q). Let s(j) = 0*j + j - 4 - 1. Calculate s(u).
-5
Suppose 9*v + 25 = 4*v + 5*l, -2*v - 2*l = 18. Let w(k) = -k**2 - 9*k - 6. Let c(p) = 2*p**2 + 18*p + 14. Let d(u) = 2*c(u) + 5*w(u). Calculate d(v).
12
Let s(h) = -17*h**2 + 43 + 6*h**2 + 8*h**2 + 2*h**2. Determine s(0).
43
Let r(g) = g**2 - 2*g - 2. Let h(u) = u + 6. Let a(b) = -b**3 - 7*b**2 + b + 4. Let l be a(-7). Let i be h(l). Let p be i + 0*3/12. Determine r(p).
1
Let g(n) = 27. Let d(q) = -q. Let z(s) = 2*d(s) + g(s). What is z(13)?
1
Let i = -8 - -4. Let w be (5/i)/(7/(-28)). Let d(o) = o**2 - 7*o + 3. Calculate d(w).
-7
Let r(l) = 10*l - 18. Let g(p) = 24*p - 37. Let n(q) = -2*g(q) + 5*r(q). What is n(-8)?
-32
Let q(y) be the first derivative of -3/2*y**2 - 6*y - 1/4*y**4 + 2 - 2*y**3. Determine q(-5).
-16
Let q(v) be the third derivative of v**5/60 + 5*v**4/24 - v**3/6 + 609*v**2. What is q(4)?
35
Let a(u) = 13*u**2 + u + 1. Suppose 0*v - 10 = -3*v + 2*w, w - 8 = -5*v. What is a(v)?
55
Let n(j) = 29*j - 1. Let g(w) = 82*w - 4. Let u(p) = -6*g(p) + 17*n(p). Calculate u(-12).
-5
Let p = 5 + -3. Suppose -12*l + 15*l = 108. Let x(c) = -l*c + 63*c - 29*c. What is x(p)?
-4
Let d(q) = -q**2 - 11*q - 6. Let m = 930 + -939. Give d(m).
12
Let a(w) be the third derivative of 1/3*w**3 - 1/24*w**4 + 0*w - 32*w**2 - 1/120*w**6 + 0 + 1/12*w**5. What is a(5)?
-3
Let a(z) = 22*z**3 + z**2. Let v = 308 + -307. Determine a(v).
23
Let j(s) = -s**2 - s + 29. Let t be j(-6). Let l(p) = 8*p**3 + p**2 + p. Calculate l(t).
-8
Let x(i) = 5*i - 3. Let u be x(9). Let o be (-1)/(-7) - u/(-49). Let m be (1 - 0) + 3*o. Let z(d) = 2*d**2 - 6*d. Determine z(m).
8
Let r = 8435 - 8433. Let x(i) be the first derivative of -i**4/2 - 2*i**3/3 + i**2/2 - 2*i - 1. Determine x(r).
-24
Suppose 2 = -q - 15. Let y be q + (1 + 0 - 2). Let i be (-4)/y + (-34)/(-9). Let p(x) = x**2 - x + 1. Calculate p(i).
13
Let k(c) = 3*c + 3. Let a be -2*(-1)/7 + 204/21. Suppose x + a = 7. What is k(x)?
-6
Suppose -30 = 20*z - 15*z. Let b(m) = 352*m - 6 + m**3 + 354*m - 703*m + 7*m**2. Give b(z).
12
Suppose 4*d - 2*m - 46 = 3*m, -3*d + 2*m = -31. Suppose d - 15 = y. Let i(o) = -o**2 - 5*o + 8. What is i(y)?
2
Let w(b) = b**3 - 11*b**2 + 12. Suppose 0 = -4*n + 6*n - 22. What is w(n)?
12
Let k(b) = -b**3 + 5*b**2 + 7*b - 1. Let o be k(5). Let q = 47 - o. Suppose c = 3*n + q, 4*c - 5*n = 3 + 28. Let r(m) = m**3 - 3*m**2 - 4*m - 5. Calculate r(c).
-5
Let m(i) = -i + 9. Suppose 0*h - 2*h + 52 = 5*q, 0 = q - 4*h - 6. Calculate m(q).
-1
Let c(q) be the first derivative of q**5/20 - q**4/6 + q**2/2 - 7*q + 40. Let n(i) be the first derivative of c(i). Give n(-1).
-2
Let m = -497 - -498. Let s(a) = -5*a - 2. Determine s(m).
-7
Let g(k) be the second derivative of -1/6*k**3 + 0 - 9/2*k**2 - k. Calculate g(0).
-9
Let h be 4 - 22 - (-4 + 4). Let d be h/27 + 1/(-3). Let p(c) = -c**2 + 1. Determine p(d).
0
Let o(u) = -7*u**2 + 1. Let w be (-3 - 6/(-4))*(-4)/3. Suppose g + g + v - w = 0, 2*g = 2*v + 2. Determine o(g).
-6
Let q(k) be the first derivative of -k**4/4 + 2*k**3/3 + 3*k**2/2 + 2*k + 41. Calculate q(3).
2
Suppose 3*o = -4*x - 51, 14 = -5*o + 5*x - 36. Let w = 16 + o. Let j(y) = -2*y - 2. Give j(w).
-8
Let g(m) = -m - 1. Let x(o) = -2*o - 4. Let w(p) = -g(p) + x(p). Let z be w(-7). Let u(k) = -k**3 + 3*k**2 + 2*k. Give u(z).
-8
Let g(j) = j**3 - 4*j**2 + j - 3. Let b be g(4). Let c be ((-42)/(-35))/(2/5) + b. Let x(k) = -k**2 + 5*k + 2. Determine x(c).
6
Suppose 8 = 2*r + 3*a, 2*a = -5*r - 2*a + 6. Suppose -2*f - 2 = -3*v, 3*f + 9 = -5*v + 25. Let t(p) = v*p - 1 + 6*p - 4*p. What is t(r)?
-9
Suppose -5*v + 115 = 35. Let h = v + -13. Let j(f) = -3*f + 3*f + f + 9 - h. Calculate j(-5).
1
Suppose 0*n - 18 = -3*n. Let w = -2 + n. Let v(s) = -s - 1. Let z(a) = a**2 - 5*a + 6. Let x(d) = -v(d) - z(d). Calculate x(w).
3
Let h(l) be the second derivative of -l**5/20 - 7*l**4/12 - 2*l**3/3 - 3*l**2/2 - 4*l + 22. What is h(-7)?
25
Let j(b) be the second derivative of -b**2 + 7/12*b**4 + 1/20*b**5 + 0 - 1/6*b**3 + 7*b. Determine j(-7).
5
Suppose -16 - 154 = -5*g + y, -2*y - 170 = -5*g. Let p(b) = -2 + 2 - g*b**3 + 33*b**3 + 5*b**2 - 3. Give p(4).
13
Let g(w) be the first derivative of -1/3*w**3 - 5*w - 10 + 1/2*w**2 + 0*w**4 - 3/10*w**5. Let a(c) be the first derivative of g(c). What is a(1)?
-7
Let p(v) = 4*v - 4*v**2 + 3*v**2 + 6*v - 15. Let b = -62 - -69. Let r be p(b). Let s(w) = -2*w + 9. Calculate s(r).
-3
Suppose 2*h + y - 3 - 1 = 0, 3*y = h - 9. Let k(i) be the second derivative of 1/4*i**4 - 1/10*i**5 - 1/2*i**2 + 0 - 1/3*i**h + 4*i. Determine k(2).
-9
Let b = -21 - -23. Let t(h) = 5*h**b - 7*h - 2*h**3 - 2 - h**3 + 4*h**3. What is t(-6)?
4
Let i(d) be the second derivative of d**4/12 - d**3 - d**2 - 10*d. Let k = 5 - -30. Suppose 4*w - 6*g = -4*g + 10, 4*g = -3*w + k. Determine i(w).
-7
Suppose -5*l - 22 = -7*l. Suppose 3*q = 4 + l. Let k(y) = -y**3 + 6*y**2 - 5*y - 7. Calculate k(q).
-7
Let s(k) = 4*k. Let l(b) = b**3 - 10*b**2 + 2*b - 26. Let w be l(10). Calculate s(w).
-24
Let k(o) be the second derivative of -o**5/20 + 5*o**4/12 - 2*o**2 + 138*o. Suppose 5*u - 11 = 14. What is k(u)?
-4
Let v(z) = -2*z**2 + 21*z - 9. Let c be (-63)/(-9) - (1 - 4). Calculate v(c).
1
Let y(v) = -2*v**3 + 2*v + 6. Let k(z) = 5*z**3 - z**2 - 5*z - 13. Suppose -3 = 3*s, 2*q - 4*s - 25 = -7. Let w(d) = q*y(d) + 3*k(d). What is w(3)?
0
Let a(i) = i**3 - 6*i**2 - 10*i + 26. Let p be a(7). Let b(w) be the second derivative of -w**3/3 + 2*w**2 - w. Determine b(p).
-6
Suppose 0 = 2*v + 2*l + 4, -3*l = -4*v + 2*l + 37. Let j(z) = -z - 2*z + 16*z**v + 6*z**2 - 9 - 15*z**3. Determine j(-6).
9
Let n(j) = -j**2 + 13*j + 9. Let i(x) = -19*x + 260. Let h be i(13). Calculate n(h).
9
Let b(g) be the third derivative of -g**5/60 - g**4/8 - g**3/3 + 167*g**2. Give b(3).
-20
Let q(n) be the second derivative of -1/6*n**3 + 1/12*n**4 + 0 - n**2 - 15*n. Let u = 7 + -5. Give q(u).
0
Let r(t) = t**3 - 2*t**2 + 1. Suppose 5*o + 30 = -5*u, -u + o = u + 18. Let b = -5 - u. What is r(b)?
10
Let l(p) = 2*p - 2. Let a = 28 + -19. Let w = -17 + 21. Let z(m) = -5*m + 5. Let n(i) = a*l(i) + w*z(i). Determine n(-3).
8
Let l(k) be the first derivative of k**4/4 + 5*k**3/3 + k**2 + 4*k - 131. What is l(-5)?
-6
Let b(k) be the second derivative of k**4/12 + 7*k**3/6 + 3*k**2/2 - 10*k. Give b(-7).
3
Suppose v = 3*h + 15, -3*v + 5 = -0*v + h. Let r(g) = -5*g**2 - 4 - 4*g**3 + g**3 + 4*g + 7*g**3 - v*g**3. Determine r(4).
-4
Let h(x) = -2*x - 1. Let u 